9659 is divided by 4130?
749
What is the remainder when 705645 is divided by 1575?
45
Calculate the remainder when 3210844 is divided by 569.
546
Calculate the remainder when 76621 is divided by 907.
433
What is the remainder when 265745 is divided by 47?
7
What is the remainder when 14675300 is divided by 115?
35
Calculate the remainder when 1505570 is divided by 301112.
10
Calculate the remainder when 726397363 is divided by 98.
97
What is the remainder when 69825736 is divided by 69066?
10
Calculate the remainder when 284227 is divided by 56825.
102
What is the remainder when 17208 is divided by 8216?
776
What is the remainder when 30756624 is divided by 422?
420
What is the remainder when 11966441 is divided by 13?
6
Calculate the remainder when 21048586 is divided by 3508096.
10
What is the remainder when 87286 is divided by 373?
4
Calculate the remainder when 173647 is divided by 82964.
7719
Calculate the remainder when 156768 is divided by 876.
840
What is the remainder when 1238026 is divided by 528?
394
Calculate the remainder when 2799805 is divided by 176.
173
Calculate the remainder when 4909618 is divided by 30.
28
Calculate the remainder when 26849 is divided by 1746.
659
What is the remainder when 108322 is divided by 3853?
438
Calculate the remainder when 1621154 is divided by 3.
2
What is the remainder when 499294 is divided by 2392?
1758
What is the remainder when 181046 is divided by 620?
6
Calculate the remainder when 18491003 is divided by 20253.
14
What is the remainder when 5695158 is divided by 291?
288
What is the remainder when 92434228 is divided by 126?
124
What is the remainder when 9541 is divided by 9347?
194
Calculate the remainder when 458234 is divided by 179.
173
What is the remainder when 294314 is divided by 480?
74
What is the remainder when 566614 is divided by 806?
802
Calculate the remainder when 3476636 is divided by 8360.
7236
What is the remainder when 20538977 is divided by 489?
488
Calculate the remainder when 5438033 is divided by 679754.
1
What is the remainder when 134598 is divided by 1768?
230
Calculate the remainder when 3311520 is divided by 37.
20
Calculate the remainder when 17558566 is divided by 529.
527
What is the remainder when 3088605 is divided by 54186?
3
Calculate the remainder when 485778 is divided by 121248.
786
What is the remainder when 222779 is divided by 450?
29
What is the remainder when 1277140 is divided by 425707?
19
What is the remainder when 4649069 is divided by 2984?
2981
What is the remainder when 5746216 is divided by 1054?
862
What is the remainder when 2185991 is divided by 626?
625
What is the remainder when 5847810 is divided by 2868?
2826
What is the remainder when 55932 is divided by 1271?
8
Calculate the remainder when 441231697 is divided by 455.
452
What is the remainder when 3962116 is divided by 3919?
7
What is the remainder when 2660172 is divided by 1154?
202
Calculate the remainder when 2774604 is divided by 115.
114
Calculate the remainder when 2237156 is divided by 297.
152
What is the remainder when 1891884 is divided by 204?
192
What is the remainder when 1764549 is divided by 200?
149
What is the remainder when 211959 is divided by 23544?
63
What is the remainder when 24587576 is divided by 6146891?
12
Calculate the remainder when 232361628 is divided by 634.
628
Calculate the remainder when 15728739 is divided by 10382.
9
Calculate the remainder when 3704674 is divided by 6421.
6178
Calculate the remainder when 296487 is divided by 49211.
1221
What is the remainder when 5421 is divided by 292?
165
Calculate the remainder when 165431 is divided by 6358.
123
Calculate the remainder when 322701442 is divided by 1209.
1207
What is the remainder when 1105182 is divided by 552554?
74
What is the remainder when 313850 is divided by 62711?
295
Calculate the remainder when 14201686 is divided by 103.
46
What is the remainder when 1927598 is divided by 790?
788
What is the remainder when 16160 is divided by 146?
100
What is the remainder when 312488 is divided by 2517?
380
Calculate the remainder when 39908783 is divided by 872.
831
What is the remainder when 1310771 is divided by 988?
683
What is the remainder when 481536 is divided by 12545?
4826
What is the remainder when 550621 is divided by 309?
292
What is the remainder when 468515459 is divided by 1022?
1021
What is the remainder when 8955996 is divided by 377?
361
Calculate the remainder when 2046400 is divided by 5457.
25
What is the remainder when 149082 is divided by 73809?
1464
What is the remainder when 24547543 is divided by 45?
43
What is the remainder when 394281 is divided by 131425?
6
What is the remainder when 373341 is divided by 1113?
486
Calculate the remainder when 862216 is divided by 705.
1
Calculate the remainder when 4437727 is divided by 12.
7
What is the remainder when 595326 is divided by 61?
27
Calculate the remainder when 13118804 is divided by 261.
161
What is the remainder when 608105 is divided by 274?
99
What is the remainder when 536645421 is divided by 133?
130
What is the remainder when 634115 is divided by 28823?
9
What is the remainder when 1787860 is divided by 191?
100
Calculate the remainder when 1405233 is divided by 84.
81
Calculate the remainder when 21467591 is divided by 4293517.
6
What is the remainder when 989053 is divided by 7597?
1443
What is the remainder when 3590788 is divided by 897676?
84
Calculate the remainder when 47109 is divided by 23.
5
Calculate the remainder when 113607882 is divided by 18934646.
6
Calculate the remainder when 364831284 is divided by 414.
408
What is the remainder when 6730294 is divided by 24?
22
Calculate the remainder when 29875987 is divided by 83.
54
Calculate the remainder when 6896078 is divided by 639.
629
Calculate the remainder when 1027160 is divided by 518.
484
Calculate the remainder when 18612702 is divided by 736.
734
Calculate the remainder when 5588356 is divided by 99.
4
Calculate the remainder when 1653626 is divided by 772.
2
Calculate the remainder when 747869 is divided by 7872.
29
What is the remainder when 69994601 is divided by 404?
389
Calculate the remainder when 72493 is divided by 18090.
133
What is the remainder when 440394 is divided by 2841?
39
Calculate the remainder when 35437 is divided by 3015.
2272
Calculate the remainder when 1693046 is divided by 338.
4
Calculate the remainder when 58230921 is divided by 588191.
12
Calculate the remainder when 5767575 is divided by 2000.
1575
What is the remainder when 413840 is divided by 206918?
4
Calculate the remainder when 970256 is divided by 485117.
22
What is the remainder when 300609533 is divided by 58?
57
Calculate the remainder when 11314175 is divided by 64.
63
What is the remainder when 15465018 is divided by 6?
0
What is the remainder when 4214015 is divided by 358?
355
What is the remainder when 46760751 is divided by 113?
108
What is the remainder when 83992 is divided by 6459?
25
Calculate the remainder when 1492041 is divided by 1492011.
30
Calculate the remainder when 16304933 is divided by 3260986.
3
What is the remainder when 91049607 is divided by 13543?
18
What is the remainder when 303309 is divided by 9648?
4221
What is the remainder when 52680567 is divided by 30?
27
What is the remainder when 480165 is divided by 683?
16
What is the remainder when 1008404 is divided by 340?
304
Calculate the remainder when 6112575 is divided by 555686.
29
Calculate the remainder when 471663 is divided by 2798.
1599
What is the remainder when 226837 is divided by 3858?
3073
Calculate the remainder when 379185768 is divided by 57.
51
What is the remainder when 19793 is divided by 4931?
69
Calculate the remainder when 3377792 is divided by 160846.
26
What is the remainder when 940456 is divided by 50?
6
Calculate the remainder when 1714520 is divided by 36479.
7
Calculate the remainder when 11346282 is divided by 76664.
10
Calculate the remainder when 311322 is divided by 6160.
3322
Calculate the remainder when 111917 is divided by 59.
53
What is the remainder when 5295708 is divided by 40?
28
Calculate the remainder when 556607 is divided by 61778.
605
Calculate the remainder when 756640 is divided by 2073.
2068
Calculate the remainder